 26329032?
3
What is the thousands digit of 207163210?
3
What is the hundred thousands digit of 42873130?
8
What is the hundred thousands digit of 21850238?
8
What is the tens digit of 66026457?
5
What is the millions digit of 56590604?
6
What is the hundred millions digit of 727180906?
7
What is the ten thousands digit of 7318607?
1
What is the units digit of 42061943?
3
What is the hundreds digit of 72142239?
2
What is the hundred thousands digit of 36305431?
3
What is the units digit of 407612284?
4
What is the millions digit of 123319175?
3
What is the ten millions digit of 1513677818?
1
What is the hundreds digit of 112103930?
9
What is the ten thousands digit of 7053002623?
0
What is the ten thousands digit of 262967?
6
What is the billions digit of 1903286429?
1
What is the hundreds digit of 111744966?
9
What is the billions digit of 1161531164?
1
What is the hundred thousands digit of 38401007?
4
What is the thousands digit of 442068555?
8
What is the ten thousands digit of 335861366?
6
What is the hundreds digit of 1157341925?
9
What is the ten millions digit of 381684954?
8
What is the units digit of 116494010?
0
What is the hundred thousands digit of 56905736?
9
What is the hundreds digit of 70382980?
9
What is the thousands digit of 6859080375?
0
What is the hundred thousands digit of 138482343?
4
What is the ten millions digit of 4260859103?
6
What is the millions digit of 266488749?
6
What is the hundred thousands digit of 1464003982?
0
What is the units digit of 160646817?
7
What is the thousands digit of 44439213?
9
What is the ten thousands digit of 103592993?
9
What is the ten thousands digit of 185353023?
5
What is the ten thousands digit of 276637689?
3
What is the hundreds digit of 31787853?
8
What is the millions digit of 1478901927?
8
What is the tens digit of 3860213841?
4
What is the millions digit of 1055289880?
5
What is the tens digit of 858667248?
4
What is the hundred thousands digit of 45194705?
1
What is the ten thousands digit of 1371677477?
7
What is the ten thousands digit of 76907370?
0
What is the hundreds digit of 4903783729?
7
What is the units digit of 55328750?
0
What is the ten millions digit of 49730720?
4
What is the tens digit of 724768505?
0
What is the units digit of 461626457?
7
What is the ten thousands digit of 6814206569?
0
What is the tens digit of 826849172?
7
What is the hundreds digit of 62393838?
8
What is the tens digit of 9332294?
9
What is the hundred millions digit of 383470735?
3
What is the units digit of 672689760?
0
What is the thousands digit of 154329424?
9
What is the millions digit of 3317642912?
7
What is the thousands digit of 52156889?
6
What is the ten millions digit of 1139271321?
3
What is the ten thousands digit of 296493508?
9
What is the hundred millions digit of 704911417?
7
What is the ten thousands digit of 82683854?
8
What is the hundred thousands digit of 81038226?
0
What is the units digit of 27677849?
9
What is the hundred thousands digit of 82407828?
4
What is the thousands digit of 1186055189?
5
What is the ten millions digit of 24809807?
2
What is the tens digit of 62719917?
1
What is the hundred millions digit of 102865727?
1
What is the hundred thousands digit of 676806872?
8
What is the hundreds digit of 3542812005?
0
What is the units digit of 4014344?
4
What is the units digit of 431654232?
2
What is the millions digit of 1719907127?
9
What is the thousands digit of 603766008?
6
What is the ten thousands digit of 216237406?
3
What is the millions digit of 96893449?
6
What is the hundred thousands digit of 5137195530?
1
What is the ten thousands digit of 150193741?
9
What is the hundreds digit of 38015088?
0
What is the ten millions digit of 103756583?
0
What is the units digit of 130031647?
7
What is the ten thousands digit of 657271504?
7
What is the tens digit of 1338032337?
3
What is the units digit of 1582233988?
8
What is the thousands digit of 529481034?
1
What is the millions digit of 1091029634?
1
What is the hundred thousands digit of 59813240?
8
What is the millions digit of 73138399?
3
What is the tens digit of 729373456?
5
What is the units digit of 32788590?
0
What is the hundred thousands digit of 509220005?
2
What is the hundred thousands digit of 105822256?
8
What is the hundred thousands digit of 167584881?
5
What is the ten thousands digit of 20344287?
4
What is the ten millions digit of 127460801?
2
What is the millions digit of 125733382?
5
What is the units digit of 48402529?
9
What is the millions digit of 150117034?
0
What is the ten thousands digit of 4078041505?
4
What is the ten thousands digit of 638976470?
7
What is the ten millions digit of 29462603?
2
What is the thousands digit of 107006680?
6
What is the thousands digit of 3419510782?
0
What is the millions digit of 7253343?
7
What is the millions digit of 118919316?
8
What is the hundreds digit of 1085701323?
3
What is the tens digit of 78544302?
0
What is the thousands digit of 93962589?
2
What is the hundred thousands digit of 3162400105?
4
What is the ten thousands digit of 20552895?
5
What is the millions digit of 2422453088?
2
What is the units digit of 164064389?
9
What is the thousands digit of 2163169371?
9
What is the hundred millions digit of 4649633763?
6
What is the hundred thousands digit of 2309179054?
1
What is the units digit of 96792071?
1
What is the hundreds digit of 1654532694?
6
What is the tens digit of 140748461?
6
What is the hundred thousands digit of 238426187?
4
What is the hundred thousands digit of 3167742773?
7
What is the millions digit of 1967588914?
7
What is the hundreds digit of 2042265493?
4
What is the tens digit of 3875718298?
9
What is the hundred millions digit of 154566166?
1
What is the ten millions digit of 22656001?
2
What is the thousands digit of 52144358?
4
What is the tens digit of 1958599950?
5
What is the thousands digit of 777104323?
4
What is the units digit of 17096470?
0
What is the hundred millions digit of 1340583051?
3
What is the ten millions digit of 1747971576?
4
What is the millions digit of 185142442?
5
What is the thousands digit of 701819573?
9
What is the hundreds digit of 288441224?
2
What is the thousands digit of 625782718?
2
What is the units digit of 34071906?
6
What is the tens digit of 23726805?
0
What is the hundreds digit of 77338446?
4
What is the units digit of 5107576016?
6
What is the hundred millions digit of 5985153007?
9
What is the ten thousands digit of 880870727?
7
What is the thousands digit of 66630774?
0
What is the ten thousands digit of 1856942142?
4
What is the thousands digit of 249906961?
6
What is the ten thousands digit of 111583640?
8
What is the units digit of 5252555?
5
What is the ten millions digit of 399445772?
9
What is the hundred thousands digit of 227706875?
7
What is the hundreds digit of 371948732?
7
What is the ten millions digit of 1141095921?
4
What is the thousands digit of 2614476793?
6
What is the hundreds digit of 59361475?
4
What is the millions digit of 598882952?
8
What is the tens digit of 132340635?
3
What is the ten thousands digit of 23286961?
8
What is the tens digit of 790834977?
7
What is the hundred thousands digit of 5448406364?
4
What is the billions digit of 5923726838?
5
What is the thousands digit of 485568641?
8
What is the units digit of 2417101843?
3
What is the ten thousands digit of 5612541641?
4
What is the hundreds digit of 133242248?
2
What is the millions digit of 62031904?
2
What is the units digit of 153415834?
4
What is the hundreds digit of 2478253697?
6
What is the hundreds digit of 36547?
5
What is the thousands digit of 125607624?
7
What is the millions digit of 598588208?
8
What is the thousands digit of 2293535848?
5
What is the billions digit of 5703531444?
5
What is the units digit of 38560359?
9
What is the hundred thousands digit of 1804246185?
2
What is the tens digit of 80490454?
5
What is the hundred thousands digit of 612843771?
8
What is the thousands digit of 2618524133?
4
What is the hundred thousands digit of 5592262177?
2
What is the ten millions digit of 35213194?
3
What is the tens digit of 617959046?
4
What is the hundred millions digit of 466342259?
4
What is the tens digit of 565726072?
7
What is the tho